{"id":321,"date":"2018-07-08T19:24:37","date_gmt":"2018-07-08T17:24:37","guid":{"rendered":"http:\/\/lernpoint.eu\/html\/?page_id=321"},"modified":"2019-05-10T12:28:12","modified_gmt":"2019-05-10T10:28:12","slug":"datenschutz","status":"publish","type":"page","link":"https:\/\/lernpoint-ev.de\/html\/datenschutz\/","title":{"rendered":"Datenschutz"},"content":{"rendered":"<p><strong>Datenschutzbestimmungen<\/strong><\/p>\n<p><strong>1. Verantwortlichkeit f\u00fcr den Datenschutz<\/strong><\/p>\n<p><strong>Lernpoint e.V. , Bismarckstr. 2, 61169 Friedberg<\/strong>&nbsp;ist Verantwortlicher im Sinne des Datenschutzrechts.<\/p>\n<p>Unseren Datenschutzbeauftragten erreichen Sie unter der E-Mail-Adresse&nbsp;<strong><a href=\"mailto:nachhilfe@abc-mainz.de\">datenschutz@lernpoint-ev.de<\/a><\/strong><\/p>\n<p>&nbsp;<\/p>\n<p><strong>2. Kursanmeldung<\/strong><\/p>\n<p>Die zur Anmeldung abgefragten Daten werden zur Durchf\u00fchrung vorvertraglicher Ma\u00dfnahmen und zur Vertragserf\u00fcllung verwendet. Rechtsgrundlage f\u00fcr die Verarbeitung dieser Daten ist Art. 6 Abs. 1 lit. b) Datenschutz-Grundverordnung (DSGVO). Die Abfrage Ihrer Festnetz- bzw. Mobilfunknummer und Ihrer E-Mail-Adresse erfolgt in unserem berechtigten Interesse, Sie bei Kurs\u00e4nderungen unmittelbar kontaktieren zu k\u00f6nnen. Rechtsgrundlage ist in diesen F\u00e4llen Art. 6 Abs. 1 lit. f) DSGVO. Wenn Sie uns diese Daten nicht zur Verf\u00fcgung stellen, k\u00f6nnen wir Sie ggf. nicht rechtzeitig erreichen. Durch Angabe von IBAN, Name und Vorname des Kontoinhabers k\u00f6nnen Sie uns ein Lastschriftmandat erteilen. S\u00e4mtliche von Ihnen bereitgestellten Daten werden elektronisch gespeichert. Die hierdurch entstehenden Datenbanken und Anwendungen k\u00f6nnen durch von uns beauftragte IT-Dienstleister betreut werden. Die Bereitstellung Ihrer Daten durch Sie ist weder gesetzlich noch vertraglich vorgeschrieben. Die Nichtangabe von freiwilligen Daten hat keine Auswirkungen.<\/p>\n<p>&nbsp;<\/p>\n<p><strong>3. Newsletter und Kontakt<\/strong><\/p>\n<p>Sie k\u00f6nnen uns eine Einwilligung erteilen, Ihre E-Mailadresse zur Zusendung von Werbeinformationen von&nbsp;<strong>Lernpoint e.V.<\/strong>&nbsp;zu verwenden. Aufgrund Ihrer Einwilligung d\u00fcrfen wir Ihre E-Mail-Adresse nach Art. 6 Abs. 1 lit. a) DSGVO nutzen.<\/p>\n<p>Ohne Einwilligung werden wir Ihre E-Mail- Adresse nicht f\u00fcr diesen Zweck nutzen. Die Einwilligung k\u00f6nnen Sie jederzeit mit Wirkung f\u00fcr die Zukunft widerrufen. Den Widerruf k\u00f6nnen Sie uns \u00fcber jedweden Kommunikationskanal (z. B. Brief, E-Mail, Link im Newsletter) mitteilen.<\/p>\n<p>&nbsp;<\/p>\n<p><strong>4. Weitergabe Ihrer Daten<\/strong><\/p>\n<p>Wir geben Ihren Namen, Adresse, E-Mail-Adresse und \u2013 soweit angegeben \u2013 Telefonnummer, an den jeweiligen Kursleiter zur Vorbereitung und Durchf\u00fchrung des Kurses weiter. Dies umfasst auch die Kontaktaufnahme bei \u00c4nderungen. F\u00fcr die Teilnahme an zertifizierten Pr\u00fcfungen (z. B. Telc-Sprachpr\u00fcfungen, IHK-Pr\u00fcfungen, Schulabschl\u00fcssen) leiten wir die hierzu erforderlichen Daten (z. B. Name, Vorname, Geschlecht, Geburtsdatum, Geburtsort, Geburtsland, Nationalit\u00e4t, Muttersprache, Anschrift, Telefonnummer und E-Mail) an die Pr\u00fcfungsinstitute weiter. Diese \u00dcbermittlungen dienen der Vertragserf\u00fcllung. Rechtsgrundlage ist Art. 6 Abs. 1 lit. b) DSGVO. F\u00fcr die Teilnahme an Integrationskursen m\u00fcssen wir Ihren Namen und erforderliche Kontaktdaten an das Bundesamt f\u00fcr Migration und Fl\u00fcchtlinge (kurz \u201eBAMF\u201c) weitergeben. Rechtsgrundlage hierf\u00fcr ist \u00a7 88 a Abs. 1 Satz 1 Aufenthaltsgesetz. Ferner kann bei Landesmittelkursen und solchen, welche durch die Agentur f\u00fcr Arbeit gef\u00f6rdert werden, eine \u00dcbermittlung an Beh\u00f6rden erforderlich sein. Diese \u00dcbermittlungen beruhen auf einer rechtlichen Verpflichtung. Rechtsgrundlage f\u00fcr die \u00dcbermittlung der Daten an diese Beh\u00f6rden ist Art. 6 Abs. 1 lit. c) DSGVO in Verbindung mit den jeweiligen gesetzlichen Vorschriften, die die \u00dcbermittlung vorsehen.<\/p>\n<p>&nbsp;<\/p>\n<p><strong>5. Kontaktaufnahme<\/strong><\/p>\n<p>Wenn Sie uns eine Nachricht senden, nutzt&nbsp;<strong>Lernpoint e.V.<\/strong>&nbsp;die angegebenen Kontaktdaten zur Beantwortung und Bearbeitung Ihres Anliegens. Die Bereitstellung Ihrer Daten erfolgt abh\u00e4ngig von Ihrem Anliegen und Ihrer Stellung als Interessent oder Kursteilnehmer zur Durchf\u00fchrung vorvertraglicher Ma\u00dfnahmen bzw. zur Vertragserf\u00fcllung.&nbsp;Rechtsgrundlage ist Art. 6 Abs. 1 lit. b) DSGVO.<\/p>\n<p>&nbsp;<\/p>\n<p><strong>6. Speicherdauer und L\u00f6schung<\/strong><\/p>\n<p>Nach Vertragsabwicklung werden Ihre Daten gel\u00f6scht, es sei denn, es bestehen gesetzliche Aufbewahrungspflichten. In diesem Fall werden diese Daten bis zu 10 Jahre aufbewahrt. Ihre Daten werden f\u00fcr jegliche andere Verwendung au\u00dfer ggf. bewilligter Werbung gesperrt.<\/p>\n<p>Daten, die Sie uns bei Nutzung unserer Kontaktm\u00f6glichkeiten (z. B. E-Mail, Telefon) bereitstellen, werden gel\u00f6scht, sobald die Kommunikation beendet beziehungsweise Ihr Anliegen vollst\u00e4ndig gekl\u00e4rt ist und diese Daten nicht zugleich zu Vertragszwecken erhoben worden sind. Kommunikation zu Rechtsanspr\u00fcchen wird bis zum Ende der Verj\u00e4hrung gespeichert.<\/p>\n<p>&nbsp;<\/p>\n<p><strong>7. Ihre Rechte<\/strong><\/p>\n<p>Sie haben jederzeit das Recht, kostenfrei Auskunft \u00fcber die bei&nbsp;<strong>Lernpoint e.V.<\/strong>&nbsp;gespeicherten Daten zu erhalten, unrichtige Daten zu korrigieren sowie Daten sperren oder l\u00f6schen zu lassen.<br \/>\nFerner k\u00f6nnen Sie den Datenverarbeitungen widersprechen und Ihre Daten durch uns auf jemand anderen \u00fcbertragen lassen. Weiterhin haben Sie das Recht, sich bei einer Datenschutzaufsichtsbeh\u00f6rde zu beschweren.<\/p>\n<p>&nbsp;<\/p>\n<p><strong>8. Allgemeine Datenschutzerkl\u00e4rung<\/strong><\/p>\n<p>Durch die Nutzung unserer Website erkl\u00e4ren Sie sich mit der Erhebung, Verarbeitung und Nutzung von Daten gem\u00e4\u00df der nachfolgenden Beschreibung einverstanden. Unsere Website kann grunds\u00e4tzlich ohne Registrierung besucht werden. Dabei werden Daten wie beispielsweise aufgerufene Seiten bzw. Namen der abgerufenen Datei, Datum und Uhrzeit zu statistischen Zwecken auf dem Server gespeichert, ohne dass diese Daten unmittelbar auf Ihre Person bezogen werden. Personenbezogene Daten, insbesondere Name, Adresse oder E-Mail-Adresse werden soweit m\u00f6glich auf freiwilliger Basis erhoben. Ohne Ihre Einwilligung erfolgt keine Weitergabe der Daten an Dritte.<\/p>\n<p>&nbsp;<\/p>\n<p><strong>9. Einsatz von Cookies<\/strong><\/p>\n<p>Auf unseren Webseiten verwenden wir keine Cookies, abgesehen von so genannten Session-Cookies, die zur technischen Sitzungssteuerung im Speicher Ihres Browsers Daten ablegen. Diese Daten sind nicht personenbezogen und werden sp\u00e4testens mit dem Schlie\u00dfen Ihres Browsers gel\u00f6scht.<\/p>\n<p>&nbsp;<\/p>\n<p><strong>10. Server-Log-Files<\/strong><\/p>\n<p>Der Provider der Seiten erhebt und speichert automatisch Informationen in so genannten Server-Log Files, die Ihr Browser automatisch an uns \u00fcbermittelt. Dies sind:<\/p>\n<p>&nbsp;&nbsp;&nbsp;&nbsp;&nbsp;&nbsp; Browsertyp\/ Browserversion<\/p>\n<p>&nbsp;&nbsp;&nbsp;&nbsp;&nbsp;&nbsp; verwendetes Betriebssystem<\/p>\n<p>&nbsp;&nbsp;&nbsp;&nbsp;&nbsp;&nbsp; Referrer URL<\/p>\n<p>&nbsp;&nbsp;&nbsp;&nbsp;&nbsp;&nbsp; Hostname des zugreifenden Rechners<\/p>\n<p>&nbsp;&nbsp;&nbsp;&nbsp;&nbsp;&nbsp; Uhrzeit der Serveranfrage<\/p>\n<p>Diese Daten sind nicht bestimmten Personen zuordenbar. Eine Zusammenf\u00fchrung dieser Daten mit anderen Datenquellen wird nicht vorgenommen. Wir behalten uns vor, diese Daten nachtr\u00e4glich zu pr\u00fcfen, wenn uns konkrete Anhaltspunkte f\u00fcr eine rechtswidrige Nutzung bekannt werden.<\/p>\n<p>&nbsp;<\/p>\n<p><strong>11. Kontaktformular<\/strong><\/p>\n<p>Wenn Sie uns per Kontaktformular Anfragen zukommen lassen, werden Ihre Angaben aus dem Anfrageformular inklusive der von Ihnen dort angegebenen Kontaktdaten f\u00fcr die Bearbeitung der Anfrage und f\u00fcr den Fall von Anschlussfragen bei uns gespeichert. Daf\u00fcr bitten wir Sie im Rahmen des Absendevorgangs um Ihre Einwilligung. Ohne Ihre Einwilligung geben wir diese Daten nicht weiter. Wenn uns Ihre Einwilligung vorliegt, d\u00fcrfen wir die Daten nach Art. 6 Abs. 1 lit. a) DSGVO f\u00fcr die Bearbeitung Ihrer Anfrage nutzen.<\/p>\n<p>&nbsp;<\/p>\n<p><strong>12. Datenschutzerkl\u00e4rung f\u00fcr die Nutzung von Facebook-Plugins (Like-Button)<\/strong><\/p>\n<p>Auf unseren Seiten sind Plugins des sozialen Netzwerks Facebook, Anbieter Facebook Inc., 1 Hacker Way, Menlo Park, California 94025, USA, integriert. Die Facebook-Plugins erkennen Sie an dem Facebook-Logo oder dem &#8222;Like-Button&#8220; (&#8222;Gef\u00e4llt mir&#8220;) auf unserer Seite. Eine \u00dcbersicht \u00fcber die Facebook-Plugins finden Sie hier:&nbsp;<u><a href=\"http:\/\/developers.facebook.com\/docs\/plugins\/\" target=\"_blank\" rel=\"noopener noreferrer\">http:\/\/developers.facebook.com\/docs\/plugins\/<\/a><\/u>.<\/p>\n<p>Wenn Sie unsere Seiten besuchen, wird \u00fcber das Plugin eine direkte Verbindung zwischen Ihrem Browser und dem Facebook-Server hergestellt. Facebook erh\u00e4lt dadurch die Information, dass Sie mit Ihrer IP-Adresse unsere Seite besucht haben. Wenn Sie den Facebook &#8222;Like-Button&#8220; anklicken w\u00e4hrend Sie in Ihrem Facebook-Account eingeloggt sind, k\u00f6nnen Sie die Inhalte unserer Seiten auf Ihrem Facebook-Profil verlinken. Dadurch kann Facebook den Besuch unserer Seiten Ihrem Benutzerkonto zuordnen. Wir weisen darauf hin, dass wir als Anbieter der Seiten keine Kenntnis vom Inhalt der \u00fcbermittelten Daten sowie deren Nutzung durch Facebook erhalten. Weitere Informationen hierzu finden Sie in der Datenschutzerkl\u00e4rung von Facebook unter&nbsp;<u><a href=\"http:\/\/de-de.facebook.com\/policy.php\" target=\"_blank\" rel=\"noopener noreferrer\">http:\/\/de-de.facebook.com\/policy.php<\/a><\/u>.<\/p>\n<p>Wenn Sie nicht w\u00fcnschen, dass Facebook den Besuch unserer Seiten Ihrem Facebook-Nutzerkonto zuordnen kann, loggen Sie sich bitte aus Ihrem Facebook-Benutzerkonto aus.<\/p>\n<p>&nbsp;<\/p>\n<p><strong>13. Haftungshinweis<\/strong><\/p>\n<p>Trotz sorgf\u00e4ltiger inhaltlicher Kontrolle \u00fcbernehmen wir keine Haftung f\u00fcr die Inhalte externer Links. F\u00fcr den Inhalt der verlinkten Seiten sind ausschlie\u00dflich deren Betreiber verantwortlich. Wir \u00fcbernehmen keinerlei Verantwortung f\u00fcr die Inhalte der Seiten, die \u00fcber Links von dieser Pr\u00e4sentation aus erreichbar sind.<\/p>\n<p>&nbsp;<\/p>\n","protected":false},"excerpt":{"rendered":"<p>Datenschutzbestimmungen 1. Verantwortlichkeit f\u00fcr den Datenschutz Lernpoint e.V. , Bismarckstr. 2, 61169 Friedberg&nbsp;ist Verantwortlicher im Sinne des Datenschutzrechts. Unseren Datenschutzbeauftragten erreichen Sie unter der E-Mail-Adresse&nbsp;datenschutz@lernpoint-ev.de &nbsp; 2. Kursanmeldung Die zur Anmeldung abgefragten Daten werden zur Durchf\u00fchrung vorvertraglicher Ma\u00dfnahmen und zur <a href=\"https:\/\/lernpoint-ev.de\/html\/datenschutz\/\" class=\"read-more\">Weiterlesen&#8230;<\/a><\/p>\n","protected":false},"author":1,"featured_media":0,"parent":0,"menu_order":0,"comment_status":"closed","ping_status":"closed","template":"","meta":{"footnotes":""},"class_list":["post-321","page","type-page","status-publish","hentry"],"_links":{"self":[{"href":"https:\/\/lernpoint-ev.de\/html\/wp-json\/wp\/v2\/pages\/321","targetHints":{"allow":["GET"]}}],"collection":[{"href":"https:\/\/lernpoint-ev.de\/html\/wp-json\/wp\/v2\/pages"}],"about":[{"href":"https:\/\/lernpoint-ev.de\/html\/wp-json\/wp\/v2\/types\/page"}],"author":[{"embeddable":true,"href":"https:\/\/lernpoint-ev.de\/html\/wp-json\/wp\/v2\/users\/1"}],"replies":[{"embeddable":true,"href":"https:\/\/lernpoint-ev.de\/html\/wp-json\/wp\/v2\/comments?post=321"}],"version-history":[{"count":5,"href":"https:\/\/lernpoint-ev.de\/html\/wp-json\/wp\/v2\/pages\/321\/revisions"}],"predecessor-version":[{"id":352,"href":"https:\/\/lernpoint-ev.de\/html\/wp-json\/wp\/v2\/pages\/321\/revisions\/352"}],"wp:attachment":[{"href":"https:\/\/lernpoint-ev.de\/html\/wp-json\/wp\/v2\/media?parent=321"}],"curies":[{"name":"wp","href":"https:\/\/api.w.org\/{rel}","templated":true}]}}